{"id":1033,"date":"2026-01-21T10:46:49","date_gmt":"2026-01-21T07:46:49","guid":{"rendered":"https:\/\/www.wolstok.com\/?post_type=product&#038;p=1033"},"modified":"2026-01-21T10:48:01","modified_gmt":"2026-01-21T07:48:01","slug":"fox-fistik-yesili-130-46","status":"publish","type":"product","link":"https:\/\/www.wolstok.com\/index.php\/urun\/fox-fistik-yesili-130-46\/","title":{"rendered":"FOX &#8211; FISTIK YE\u015e\u0130L\u0130 | 130-46"},"content":{"rendered":"<p>Fox yumu\u015fak t\u00fcyl\u00fc y\u00fczeyli k\u00fcrk g\u00f6r\u00fcn\u00fcml\u00fc bir ipliktir. Geni\u015f renk yelpazesi ile hem bebekler hem de yeti\u015fkinler i\u00e7in fantezi giysiler \u00f6rmeniz i\u00e7in m\u00fckemmeldir. FOX\u2019la ayr\u0131ca m\u00fckemmel bebek h\u0131rkalar\u0131 ,kadife dokulu bayan ceketleri , battaniye ,yast\u0131k , sizi s\u0131cak tutacak atk\u0131lar ,\u015fapkalar \u00f6rebilece\u011finiz gibi pelu\u015f Amigurumi oyuncak yap\u0131m\u0131 i\u00e7inde \u00e7ok uygundur.<\/p>\n","protected":false},"excerpt":{"rendered":"<p>%100 Super-Soft Polyester<br \/>\n100grs. \/ 3 oz .<br \/>\n100 mts. \/ 109 yds.<\/p>\n<p><strong><label for=\"payment_method_bacs\"><label for=\"payment_method_bacs\">*Sitemizde al\u0131\u015fveri\u015fler Banka Havalesi\/EFT\u00a0 y\u00f6ntemi ile ger\u00e7ekle\u015ftirilmektedir.<\/label><br \/>\n<\/label><\/strong><\/p>\n","protected":false},"featured_media":1034,"comment_status":"open","ping_status":"closed","template":"","meta":[],"product_brand":[],"product_cat":[22],"product_tag":[],"class_list":{"0":"post-1033","1":"product","2":"type-product","3":"status-publish","4":"has-post-thumbnail","6":"product_cat-fox","8":"first","9":"instock","10":"sale","11":"taxable","12":"shipping-taxable","13":"purchasable","14":"product-type-simple"},"aioseo_notices":[],"jetpack_sharing_enabled":true,"_links":{"self":[{"href":"https:\/\/www.wolstok.com\/index.php\/wp-json\/wp\/v2\/product\/1033","targetHints":{"allow":["GET"]}}],"collection":[{"href":"https:\/\/www.wolstok.com\/index.php\/wp-json\/wp\/v2\/product"}],"about":[{"href":"https:\/\/www.wolstok.com\/index.php\/wp-json\/wp\/v2\/types\/product"}],"replies":[{"embeddable":true,"href":"https:\/\/www.wolstok.com\/index.php\/wp-json\/wp\/v2\/comments?post=1033"}],"wp:featuredmedia":[{"embeddable":true,"href":"https:\/\/www.wolstok.com\/index.php\/wp-json\/wp\/v2\/media\/1034"}],"wp:attachment":[{"href":"https:\/\/www.wolstok.com\/index.php\/wp-json\/wp\/v2\/media?parent=1033"}],"wp:term":[{"taxonomy":"product_brand","embeddable":true,"href":"https:\/\/www.wolstok.com\/index.php\/wp-json\/wp\/v2\/product_brand?post=1033"},{"taxonomy":"product_cat","embeddable":true,"href":"https:\/\/www.wolstok.com\/index.php\/wp-json\/wp\/v2\/product_cat?post=1033"},{"taxonomy":"product_tag","embeddable":true,"href":"https:\/\/www.wolstok.com\/index.php\/wp-json\/wp\/v2\/product_tag?post=1033"}],"curies":[{"name":"wp","href":"https:\/\/api.w.org\/{rel}","templated":true}]}}